x be 4 - 2/(-1) - -3. Suppose -2*l = -l - 17. Let k = l - x. What are the prime factors of k?
2
Let l(n) = n**3 + 2*n**2 - 2*n + 2. Let x be l(-3). Let w be -8 + 6 - (x + -6). Suppose k + w*g + 25 = 2*k, -g = -2*k + 23. List the prime factors of k.
2, 5
List the prime factors of 18/12 - 207/(-6).
2, 3
Let k be (-13)/5 + 2/(-5). Let a(t) = -3*t - 7. Let u(r) = -6*r - 13. Let q(v) = -5*a(v) + 3*u(v). What are the prime factors of q(k)?
5
Let w(t) = t - 1. Let s be w(3). Suppose -3*g + 75 = 4*p, -4*p + 9*p - 85 = -s*g. Let k = p + 7. What are the prime factors of k?
2, 11
Suppose 58 = 2*g - 36. List the prime factors of g.
47
Let l be -38*(-1)/2 + -1. List the prime factors of 261/l - (-2)/4.
3, 5
Suppose 5*t - 2*b + 3 - 22 = 0, -2*t + b + 7 = 0. Suppose -t*g + g + 8 = 0. Suppose 2*c = -n + 14 + 12, g*n = -8. What are the prime factors of c?
3, 5
List the prime factors of ((-26)/(-8))/(3/12).
13
Suppose -3*c + 7 + 595 = w, 4*w + 992 = 5*c. What are the prime factors of c?
2, 5
Let r be 36/28 + 4/(-14). List the prime factors of -2 + r + 16 + -3.
2, 3
List the prime factors of 2*((-19)/(-2) - 4).
11
Let l be 2*6/(-4)*-1. Suppose 51 + 3 = l*u. List the prime factors of u.
2, 3
Suppose 103 = a - 36. List the prime factors of a.
139
Let p = -7 + 3. Let m(c) = -2*c + 3. List the prime factors of m(p).
11
Let f(x) = -3*x**2 - 41*x - 15. Let r(p) = -p**2 - 14*p - 5. Let u(w) = 6*f(w) - 17*r(w). What are the prime factors of u(-7)?
2
Let q be 0 + -2 - 12/(-3). Suppose -26 - 22 = -3*z. Suppose z = q*x + v, -2*v = -x + 2*v + 17. What are the prime factors of x?
3
Let g be 4*(-2)/(-8)*-21. Let u be 14/g*(1 + 2). What are the prime factors of (-30)/20*4/u?
3
Let m(b) = -20*b - 17. Let p(j) = 7*j + 6. Let l(h) = -6*m(h) - 17*p(h). List the prime factors of l(7).
7
Let j be ((-6)/4)/(5/(-10)). Suppose 4*l - s + 84 = 0, -j*l - 36 = -2*s + 32. List the prime factors of (-10)/4*56/l.
7
Let c(x) be the second derivative of -x**5/20 - x**4/12 + x**3/6 - x**2 + x. Let h be c(-2). What are the prime factors of (-2)/(-2) + h + 1?
2
Let r(k) = -k**3 - 5*k**2 - 2*k. Suppose -18 = 5*x + 7. List the prime factors of r(x).
2, 5
Suppose -3*b + 3 = -z - 3, -2*b + 5*z - 9 = 0. Suppose -9 = -2*q - b*s - 0*s, s = -5*q + 3. Suppose q = y - 4. What are the prime factors of y?
2
Let t = -22 - -48. Suppose -t + 8 = -u. Suppose -x - u = -3*x. What are the prime factors of x?
3
Let a(i) = -i**3 - 4*i**2 + 4*i + 1. Let o be 12/((-4)/2)*-1. Let t = o - 11. What are the prime factors of a(t)?
2, 3
Let r(n) = n**3 + n**2 + n - 9. Let g be r(0). Let j = 14 + g. What are the prime factors of j?
5
Let g = -17 - -11. List the prime factors of (-2)/g - 34/(-6).
2, 3
Let x(n) = n**2 + n - 4. Let v(g) = -g**3 + g**2 - g. Let t be v(2). List the prime factors of x(t).
2, 13
Suppose 1 = -0*w + w. Suppose 3*a - x + 3 = -0*a, 5*x = 5*a + 15. What are the prime factors of (a + -14)*w/(-2)?
7
List the prime factors of ((-7)/(-14 - 7))/(1/507).
13
Let r(g) = 8 - 2*g**2 + 5*g**2 + 2*g**2 - 2*g - 4*g**2. Let x be r(6). Suppose 4*m + 4*v = x, m + 4 = -m + 2*v. What are the prime factors of m?
3
Suppose 3*b + 0*b - 24 = -5*a, a = 5*b - 40. List the prime factors of b.
2
Let y = -2 - -5. Suppose 5*z - 31 = -p - 2*p, y*p + 3*z = 27. What are the prime factors of p?
7
Suppose 2*k - 3*q = 133, 2*k + 2*q + 132 = 4*k. List the prime factors of k.
5, 13
Let b = 2 - 10. Let m = -11 - b. Let l(p) = p**2 + 2*p + 1. List the prime factors of l(m).
2
Let w = 0 + -1. Let k = 10 + w. Suppose -3*h + 6 = -3*m, 4*h - k = 3*m - 1. List the prime factors of h.
2
Suppose -2 = m - 4. Suppose -m*h - h = -12. Suppose 7*r - 49 = -2*g + 2*r, h*r = 20. List the prime factors of g.
2, 3
Let j = 6 + 27. What are the prime factors of j?
3, 11
Suppose -12*l + 1837 = -l. What are the prime factors of l?
167
Let k(c) = 4*c**3 + 2*c**2 - 2*c + 1. Let t be k(1). Suppose 5*s - 15 = -t*d, 4*d - 15 = -3*s - 5. List the prime factors of s.
2
List the prime factors of (7536/(-72))/((-4)/6).
157
Let i = 11 - 7. What are the prime factors of i?
2
Suppose 5*j - 2*j - 20 = -2*s, -12 = -3*s. Suppose -3*h = j - 1. Let x(m) = 6*m**2 - 2*m - 1. List the prime factors of x(h).
7
What are the prime factors of (24*2)/3*1?
2
Let j(c) = -3*c. Let o be j(-8). Let i(h) = h**3 - 7*h**2 + 3*h + 5. Let l be i(6). Let k = l + o. List the prime factors of k.
11
Let a = -2 - -4. List the prime factors of a.
2
Suppose 0 = -3*y + 9, -2*y - 57 = -2*d + 39. Let o = d + -22. What are the prime factors of o?
29
Suppose -z - 3*z - 40 = 0. Let p = -7 - z. List the prime factors of p.
3
Let c be (-6)/9 - (-46)/(-3). List the prime factors of ((-39)/(-12))/((-4)/c).
13
Let a(n) be the first derivative of -3*n**2/2 - 2*n - 2. List the prime factors of a(-3).
7
Let q be ((-36)/(-7))/(-2)*-7. Suppose -v - 2*v = -q. Suppose -v + 30 = 3*w. What are the prime factors of w?
2
Let a = -15 - -9. Let z be a/15 + 68/(-5). Let w = z + 26. List the prime factors of w.
2, 3
Suppose -p + 4*m + 61 = -0*p, 0 = 5*p - 5*m - 260. Let y = p - 26. What are the prime factors of y?
23
Let q be 0 + 1 + 1 + -1. Let f be q + 1 + -1 + -1. Suppose f = t - 2*t + 12. What are the prime factors of t?
2, 3
Suppose -299 = -5*g - 3*u, 2*u + 74 = 3*g - 113. What are the prime factors of g?
61
Let l(t) = 114*t**3 + 2*t**2 - t. List the prime factors of l(1).
5, 23
Let d(f) = -35*f + 33. List the prime factors of d(-4).
173
Suppose 4*s - 2*s - b = 5, -2*s - 4 = -4*b. Suppose -2*u = -p + 24, 4*p - s*u - 28 = 52. List the prime factors of p.
2
Let a(j) = j**3 - 3*j**2 + j. Let p(y) = -y**2 - 8*y - 9. Suppose -16 = 2*r + r - l, 4*l = 3*r + 10. Let z be p(r). What are the prime factors of a(z)?
3
Let p(j) = -j**2 - 4*j - 3. Let d be p(-6). List the prime factors of 6/d + 468/20.
23
Let n be 14*(0 + 3/(-3)). List the prime factors of (60/n)/((-9)/63).
2, 3, 5
Suppose w - 9 - 5 = 0. Suppose 5*d + 5*b - 44 = -9, 5*b = 2*d + w. List the prime factors of d.
3
Suppose l + 4*s - 32 = -10, 0 = -2*l - 5*s + 59. List the prime factors of l.
2, 3, 7
Let l(n) = -8*n - 5*n**2 + 4*n**2 + 6*n. Let f be l(-3). What are the prime factors of (3/(-2))/f*14?
7
Suppose 2*l + 4*q + 2 = -0*q, 0 = 5*l - 4*q + 33. Let y = 15 + l. Suppose -2*h + h = -y. List the prime factors of h.
2, 5
Suppose -14 = -3*q + 58. What are the prime factors of q?
2, 3
Let l(o) be the first derivative of 11*o**2/2 - o - 3. List the prime factors of l(3).
2
Let l = 5 - 0. Let c(k) = 5*k**3 + 11*k**2 - 5*k - 13. Let a(n) = 9*n**3 + 21*n**2 - 9*n - 25. Let j(m) = -6*a(m) + 11*c(m). List the prime factors of j(l).
2
Let t = 50 - 29. What are the prime factors of t?
3, 7
Suppose -4*m + m = -9. Let r = m + 0. What are the prime factors of r?
3
Let o(v) = -v**2 - 7*v + 1. Let c = -5 + 0. What are the prime factors of o(c)?
11
Suppose 430 + 146 = 2*l. What are the prime factors of l?
2, 3
Suppose -5*j = b + 6, -3*j - 33 = -b + 1. Let r be b + 2/1 - -1. Suppose 4*n - l - 9 = 45, 2*n - r = -2*l. What are the prime factors of n?
13
Let t(u) = 3*u - 10. Let k(v) = -2*v + 9. Let j(d) = -5*k(d) - 4*t(d). What are the prime factors of j(-4)?
3
List the prime factors of (8/(-20))/(4/20) - -76.
2, 37
Suppose 5*v - 6 = 19. Let g = v + -2. List the prime factors of (-3 - g/(-3)) + 14.
2, 3
Let i = -12 + 5. What are the prime factors of (6 + i)/(1/(-8))?
2
List the prime factors of -11 + 12 - 151/(-1).
2, 19
Let w = 77 - 69. List the prime factors of w.
2
Suppose k + 8*k - 1809 = 0. What are the prime factors of k?
3, 67
Let p be ((-44)/5)/((-10)/50). Let q = p + -22. What are the prime factors of q?
2, 11
Let t = -45 + 83. What are the prime factors of t?
2, 19
Let p be (4/(-2))/(0 + -2). Suppose p = l + 2. Let q = l + 9. List the prime factors of q.
2
Suppose -4*t = -43 - 169. What are the prime factors of t?
53
What are the prime factors of 3*(-62)/(-4) + (-2)/(-4)?
47
Suppose -4*s + 258 = -0*s - 2*f, f = 3*s - 194. List the prime factors of s.
5, 13
Let n(p) = -7*p**2 - p. Let q(a) = -8*a**2. Let z(r) = -6*n(r) + 5*q(r). List the prime factors of z(-4).
2
Let n = 11 + -7. Suppose -4*q = n*h - 32, 3*h + 3*q + 25 = 7*h. List the prime factors of h.
7
Suppose -4*x + 4 - 12 = 0. What are the prime factors of 6 + (x + 4)/(-1)?
2
Let y be (-52)/(-9) + (-6)/(-27). Let a be y/12 